he remainder when 43 is divided by 18.
7
What is the remainder when 1251 is divided by 178?
5
What is the remainder when 205 is divided by 62?
19
What is the remainder when 493 is divided by 4?
1
What is the remainder when 1073 is divided by 49?
44
What is the remainder when 182 is divided by 4?
2
Calculate the remainder when 148 is divided by 5.
3
Calculate the remainder when 766 is divided by 11.
7
Calculate the remainder when 3677 is divided by 29.
23
What is the remainder when 74 is divided by 6?
2
What is the remainder when 614 is divided by 157?
143
What is the remainder when 275 is divided by 69?
68
Calculate the remainder when 45 is divided by 13.
6
What is the remainder when 355 is divided by 181?
174
Calculate the remainder when 3527 is divided by 12.
11
What is the remainder when 183 is divided by 76?
31
What is the remainder when 10 is divided by 3?
1
Calculate the remainder when 92 is divided by 17.
7
Calculate the remainder when 15278 is divided by 59.
56
Calculate the remainder when 417 is divided by 17.
9
Calculate the remainder when 693 is divided by 175.
168
What is the remainder when 338 is divided by 143?
52
What is the remainder when 25 is divided by 14?
11
What is the remainder when 939 is divided by 20?
19
Calculate the remainder when 390 is divided by 57.
48
What is the remainder when 269 is divided by 68?
65
What is the remainder when 372 is divided by 7?
1
What is the remainder when 7084 is divided by 2355?
19
What is the remainder when 1145 is divided by 21?
11
Calculate the remainder when 2722 is divided by 276.
238
What is the remainder when 1490 is divided by 53?
6
Calculate the remainder when 3169 is divided by 3.
1
What is the remainder when 382 is divided by 113?
43
Calculate the remainder when 109 is divided by 29.
22
What is the remainder when 2344 is divided by 34?
32
What is the remainder when 1067 is divided by 17?
13
Calculate the remainder when 267 is divided by 58.
35
Calculate the remainder when 386 is divided by 30.
26
What is the remainder when 22398 is divided by 224?
222
Calculate the remainder when 60 is divided by 42.
18
What is the remainder when 448 is divided by 135?
43
Calculate the remainder when 2157 is divided by 144.
141
What is the remainder when 667 is divided by 67?
64
What is the remainder when 332 is divided by 104?
20
What is the remainder when 95 is divided by 24?
23
Calculate the remainder when 310 is divided by 15.
10
Calculate the remainder when 3795 is divided by 541.
8
Calculate the remainder when 9229 is divided by 71.
70
What is the remainder when 475 is divided by 137?
64
What is the remainder when 222 is divided by 9?
6
What is the remainder when 4 is divided by 3?
1
What is the remainder when 243 is divided by 139?
104
What is the remainder when 1529 is divided by 748?
33
What is the remainder when 6 is divided by 6?
0
Calculate the remainder when 767 is divided by 35.
32
What is the remainder when 328 is divided by 289?
39
Calculate the remainder when 187 is divided by 4.
3
Calculate the remainder when 6161 is divided by 13.
12
What is the remainder when 139 is divided by 39?
22
What is the remainder when 663 is divided by 29?
25
What is the remainder when 1428 is divided by 11?
9
What is the remainder when 5050 is divided by 64?
58
What is the remainder when 2529 is divided by 839?
12
What is the remainder when 614 is divided by 14?
12
Calculate the remainder when 167 is divided by 44.
35
Calculate the remainder when 731 is divided by 721.
10
What is the remainder when 10711 is divided by 8?
7
What is the remainder when 233 is divided by 39?
38
Calculate the remainder when 309 is divided by 58.
19
What is the remainder when 255 is divided by 65?
60
What is the remainder when 568 is divided by 115?
108
Calculate the remainder when 202 is divided by 187.
15
What is the remainder when 52 is divided by 22?
8
Calculate the remainder when 622 is divided by 198.
28
What is the remainder when 345 is divided by 90?
75
What is the remainder when 64 is divided by 14?
8
What is the remainder when 398 is divided by 189?
20
What is the remainder when 3251 is divided by 216?
11
Calculate the remainder when 1778 is divided by 12.
2
What is the remainder when 635 is divided by 11?
8
What is the remainder when 103 is divided by 15?
13
Calculate the remainder when 124 is divided by 43.
38
What is the remainder when 366 is divided by 41?
38
Calculate the remainder when 314 is divided by 4.
2
Calculate the remainder when 32 is divided by 19.
13
What is the remainder when 293 is divided by 30?
23
What is the remainder when 284 is divided by 273?
11
Calculate the remainder when 334 is divided by 108.
10
Calculate the remainder when 2155 is divided by 90.
85
What is the remainder when 46 is divided by 15?
1
Calculate the remainder when 340 is divided by 3.
1
What is the remainder when 263 is divided by 63?
11
Calculate the remainder when 113 is divided by 14.
1
What is the remainder when 41 is divided by 4?
1
What is the remainder when 53 is divided by 9?
8
Calculate the remainder when 322 is divided by 5.
2
What is the remainder when 3284 is divided by 126?
8
Calculate the remainder when 117 is divided by 30.
27
Calculate the remainder when 54 is divided by 11.
10
Calculate the remainder when 3212 is divided by 7.
6
Calculate the remainder when 184 is divided by 38.
32
Calculate the remainder when 68 is divided by 35.
33
What is the remainder when 476 is divided by 61?
49
Calculate the remainder when 91203 is divided by 17.
15
What is the remainder when 992 is divided by 792?
200
What is the remainder when 550 is divided by 135?
10
What is the remainder when 2872 is divided by 125?
122
What is the remainder when 1884 is divided by 1875?
9
What is the remainder when 527 is divided by 33?
32
What is the remainder when 3057 is divided by 60?
57
Calculate the remainder when 50 is divided by 17.
16
Calculate the remainder when 1549 is divided by 25.
24
What is the remainder when 47848 is divided by 290?
288
Calculate the remainder when 59 is divided by 21.
17
Calculate the remainder when 249 is divided by 85.
79
What is the remainder when 394 is divided by 23?
3
Calculate the remainder when 490 is divided by 163.
1
What is the remainder when 32637 is divided by 68?
65
Calculate the remainder when 327 is divided by 75.
27
Calculate the remainder when 421 is divided by 107.
100
Calculate the remainder when 105 is divided by 16.
9
What is the remainder when 543 is divided by 7?
4
What is the remainder when 8749 is divided by 70?
69
Calculate the remainder when 11277 is divided by 217.
210
What is the remainder when 1353 is divided by 155?
113
Calculate the remainder when 81 is divided by 21.
18
Calculate the remainder when 1471 is divided by 245.
1
Calculate the remainder when 64 is divided by 17.
13
Calculate the remainder when 177 is divided by 49.
30
What is the remainder when 39 is divided by 22?
17
Calculate the remainder when 3066 is divided by 611.
11
Calculate the remainder when 1664 is divided by 167.
161
What is the remainder when 572 is divided by 82?
80
What is the remainder when 399 is divided by 40?
39
What is the remainder when 199 is divided by 62?
13
Calculate the remainder when 1715 is divided by 143.
142
Calculate the remainder when 963 is divided by 96.
3
Calculate the remainder when 131 is divided by 36.
23
What is the remainder when 2389 is divided by 52?
49
Calculate the remainder when 2373 is divided by 44.
41
What is the remainder when 85 is divided by 2?
1
Calculate the remainder when 2119 is divided by 306.
283
Calculate the remainder when 465 is divided by 2.
1
Calculate the remainder when 29345 is divided by 44.
41
Calculate the remainder when 4690 is divided by 81.
73
Calculate the remainder when 781 is divided by 65.
1
What is the remainder when 567 is divided by 16?
7
What is the remainder when 98 is divided by 5?
3
Calculate the remainder when 101 is divided by 56.
45
What is the remainder when 3075 is divided by 341?
6
What is the remainder when 1732 is divided by 25?
7
What is the remainder when 2201 is divided by 66?
23
Calculate the remainder when 55 is divided by 15.
10
Calculate the remainder when 77 is divided by 54.
23
Calculate the remainder when 926 is 